Let d be (-1 - 17)*(g - 3). What is the greatest common divisor of 9 and d?
9
Let k be 0 + 1*(2 + 1). Let d be (8/(-6))/(k/(-216)). What is the highest common factor of d and 12?
12
Suppose -5*x - 3*m + m = -598, m + 1 = 0. What is the highest common factor of x and 24?
24
Suppose -3*z + 5 + 4 = 0. Suppose 2*l = m - 49, -32 - 124 = -3*m + z*l. Let f = 94 - m. Calculate the highest common divisor of 26 and f.
13
Let d be ((-46)/(-4))/(5/10). Calculate the greatest common divisor of d and 92.
23
Let m = 0 - -11. Let i(s) = -s**2 - 2*s + 3. Let g be i(5). Let f be m*3/(-12)*g. Calculate the greatest common factor of 8 and f.
8
Suppose -p - 4*p + 55 = -4*g, -5*g = p - 11. Suppose 0 = w + 2*v + p - 35, -4*v - 18 = -w. Calculate the greatest common factor of w and 55.
11
Suppose 3*u - 8*u = -25. What is the highest common divisor of 10 and u?
5
Let x be 8/4*3/2. Let i(y) = -4*y**3 + 3*y**3 - 3 + 0*y**x - 7*y + 8*y**2. Let o be i(6). What is the greatest common factor of 18 and o?
9
Let l = -430 + 299. Let r = l - -208. Calculate the highest common divisor of 7 and r.
7
Let x = -296 - -431. Suppose -2*z = -3*z + 54. What is the greatest common factor of z and x?
27
Let g = 144 + -69. Calculate the highest common divisor of 25 and g.
25
Let t be (-3)/((2/6)/((-18)/54)). Suppose 27 = -0*d + 3*d. Calculate the highest common divisor of d and t.
3
Let b(q) = -2*q. Let p be b(-2). Let g be 50/8 + (-1)/p. Suppose 4*y - y - g = 0. Calculate the highest common factor of 6 and y.
2
Suppose 20 = 5*x + 2*o - 0*o, -3*x - o + 12 = 0. Let i = 24 - 12. What is the greatest common divisor of i and x?
4
Let f = -17 + 9. Let a = f - -9. Let p(v) = -v + 6. Let l be p(5). What is the greatest common factor of l and a?
1
Suppose 0 = 4*k - 64 - 36. Suppose 4*t - 35 = k. What is the greatest common factor of 45 and t?
15
Let b = 9 + -7. Let h be (b/5)/(4/160). What is the highest common factor of 64 and h?
16
Suppose -3*u = -7*u + 20. Calculate the highest common factor of 4 and u.
1
Suppose 14*p - 11*p = 39. What is the greatest common factor of 91 and p?
13
Let k be (-1633)/(-115) + 1/(-5). Calculate the highest common divisor of 7 and k.
7
Let y(u) = u**3 - 6*u**2 - 13*u + 12. Let m be y(8). What is the highest common divisor of 18 and m?
18
Suppose 5*v = m - 0*v + 6, 4 = 3*m - 4*v. Let n be (-6)/4 - (-25)/2. Suppose 4*h = -n + 27. What is the greatest common divisor of m and h?
4
Let t = -54 + 96. Suppose 0 = -3*n + 4*v + 11 + 23, -3*v = -5*n + 42. What is the greatest common factor of n and t?
6
Suppose 0 = 2*c - 4, 0 = 5*d - 4*c - 242. Let i = d + -32. Calculate the highest common factor of i and 72.
18
Let r be (-2)/(-6) + 413/21. What is the greatest common divisor of 50 and r?
10
Let k be -3 + 3/1 + 9. What is the highest common factor of k and 45?
9
Suppose -6*q + 21 = -3*q. Let f(j) = 2*j**2 + 8*j + 39. Let a be f(-5). Calculate the highest common factor of a and q.
7
Let d(h) = -3*h + 3. Let m be d(-3). Suppose 0 = -5*p + 117 - 32. Suppose p + 79 = u. What is the greatest common divisor of m and u?
12
Suppose 0 = 4*f + f - 60. Suppose -3*h - 5*m + 25 = 0, -17 = -5*h - 2*m + f. Calculate the highest common factor of 40 and h.
5
Let n = -43 + 31. Let u = -8 - n. Suppose 2*d = u*k + 2, -5*k - 5*d + 24 = 4. What is the highest common divisor of 5 and k?
1
Suppose -74 = -6*j + 16. What is the highest common factor of j and 30?
15
Let g(x) = -4*x + 4. Let w be g(-1). What is the greatest common factor of 40 and w?
8
Let p = 56 + -11. What is the greatest common divisor of p and 18?
9
Suppose -3*i + 28 = i. Let q be i + 1 + (-1 - 0). What is the highest common factor of 35 and q?
7
Let w = 137 + -61. Calculate the highest common factor of w and 19.
19
Let k be (1 - -5)*(-5)/(-2). Let q = 14 - 9. Suppose -n + k = -q. Calculate the highest common factor of 8 and n.
4
Let m be (3/15*-3)/(2/(-130)). What is the greatest common divisor of 26 and m?
13
Suppose -m = -6*m - y + 206, 2*y + 92 = 2*m. Let n = m - 14. Suppose -5*w - 5*s + 25 = -3*s, -32 = -w + 5*s. What is the highest common divisor of n and w?
7
Suppose 4*a - 6 - 2 = 0. Suppose a*c - 6*c = -1344. Let h = c - 127. Calculate the greatest common factor of 19 and h.
19
Let d be 7/14 + (-76)/(-8). Let o be 4 - (-1 + 1 + 0). Calculate the highest common divisor of o and d.
2
Let a(c) = c + 145. Let s be a(0). Suppose -2*w + 524 = 4*d, 2*d + s = 4*w + 397. Calculate the highest common divisor of d and 52.
26
Let r(s) = s**2 + 2*s + 23 + s**3 + 0*s**2 + 42. Let l be r(0). What is the highest common divisor of l and 13?
13
Suppose -5*t = -t - 20. Calculate the highest common factor of t and 40.
5
Let i = -10 + 15. Calculate the greatest common divisor of i and 1.
1
Suppose -2*h = -c - 284, 3*h = 5*c - 3*c + 424. Calculate the highest common factor of 8 and h.
8
Suppose 8 = 2*r, 2*m = -4*r + 7 + 21. Calculate the highest common factor of m and 102.
6
Suppose -1 = -3*r + 11. Suppose -f + 30 = 2*s + 5, 53 = r*s - f. What is the highest common divisor of 91 and s?
13
Let r be -3*(-3)/18*96. Let g(f) = 7*f - 1. Let k be g(1). What is the greatest common divisor of r and k?
6
Suppose -2*s + 428 = -4*y, -5*s - 3*y = -2*s - 651. Calculate the greatest common divisor of s and 24.
24
Let i(n) = n**2 - 4*n - 3. Let y be i(5). Let t be ((-15)/25)/(y/(-10)). What is the greatest common divisor of t and 24?
3
Let l(v) = -1 + 3*v - 2 + 4*v**2 + 4*v**2 + v**3. Let s be l(-3). Suppose -3*o + 6 = -o. What is the highest common divisor of s and o?
3
Let p = -22 - -33. Let t = -17 - -28. What is the highest common factor of p and t?
11
Let y be 161/28 + 3/12. What is the highest common factor of 48 and y?
6
Let r = 56 - 47. Suppose k - 45 = -4*k. Calculate the highest common divisor of k and r.
9
Let g = 2 + 0. Let c(d) = 4*d**2. Let o be c(g). Calculate the highest common divisor of 176 and o.
16
Suppose 0 = h + 7 - 143. Let c = -70 + h. Calculate the greatest common factor of c and 6.
6
Let s(b) = b**3 - 5*b + 6. Let q be s(3). What is the greatest common divisor of q and 36?
18
Suppose -5*r - b = -578 - 160, 153 = r + 2*b. What is the highest common divisor of 21 and r?
21
Let p = 5 + -1. Let u(m) = m**3 - m**2 + m + 3. Let v be u(p). What is the greatest common factor of 11 and v?
11
Let y(f) = f**2 + 2*f - 6. Let z be y(4). Let d be (9 + 27)*(-1)/(-1). Calculate the greatest common factor of z and d.
18
Suppose 0 = -2*q + 9*q - 420. Calculate the greatest common factor of 15 and q.
15
Let w(r) = 41*r**2 - 4*r - 4. Let g be w(4). Suppose 224 = y - 5*u, 7*y = 4*y + 3*u + g. Let j = -90 + y. What is the greatest common factor of j and 17?
17
Let z be (-3)/(-2)*44/(-3). Let k be (-1)/(-4) - z/8. Let l(c) = 13*c - 1. Let o be l(1). What is the highest common divisor of k and o?
3
Let i = 18 - 11. What is the highest common divisor of 77 and i?
7
Let c(w) = -2*w + 7 + 0 + 0 + 5*w. Let k be c(-5). Let r(s) = -s**2 - 9*s + 4. Let b be r(k). What is the highest common divisor of b and 24?
12
Suppose -n + 49 = 33. Let w = 66 - 18. What is the highest common factor of w and n?
16
Let d(v) = 23*v**2 + 2*v - 2. Let r be d(-3). Suppose -3*h + r + 86 = 0. Calculate the greatest common factor of h and 19.
19
Let g be (-1 - -3) + 0/(-10). Let z(d) = 4*d**2 - 2*d. Let h be z(g). What is the greatest common divisor of 6 and h?
6
Suppose 0*l = l - 132. Suppose 0 = 5*c + 2*c - 84. What is the highest common factor of l and c?
12
Let r(n) = -n**3 + 6*n**2 - 5*n + 1. Let g be r(5). Let s be -1 + g/((-4)/(-684)). What is the highest common factor of s and 68?
34
Let o be (3 - 5) + 23 + -1. What is the greatest common factor of o and 140?
20
Let a(u) = -u. Let j be a(-6). What is the highest common factor of 15 and j?
3
Suppose -5*g = -3*g - 144. What is the highest common factor of g and 48?
24
Suppose -x + 100 - 5 = 0. What is the highest common divisor of 57 and x?
19
Let c = -1 + 1. Suppose 4*y + 16 = c, -5*p + 0*y + 354 = -y. Suppose 7*o - 6*o - 10 = 0. What is the greatest common divisor of o and p?
10
Let t(r) be the second derivative of r**5/20 + r**4/2 - 4*r**3/3 + 5*r**2/2 + 3*r. Let b be t(-7). What is the highest common divisor of 84 and b?
12
Suppose 2*q - 294 = -0*q. Suppose 0*y - y + 35 = 0. Let v = y + -14. What is the highest common facto